ppose 6*o = -n + 586, 2*o + 0*o - 204 = 4*n. Let g(d) = -27 - 32 + o + d - 25. Calculate g(f).
4
Let g(c) = -4*c**2 + 7*c + 2. Let m be (15*3/(-18))/((-2)/4). Let i(t) = -5*t**2 + 8*t + 1. Let p(j) = m*i(j) - 6*g(j). Give p(-5).
-22
Let j = -24 - -34. Suppose -3*q = -15, -3*q = 2*s - 11 - j. Let h(z) = -s + 3 - 5*z + 4*z. Give h(-6).
6
Let p(z) = 2*z**3 + 9*z**2 - 8*z - 11. Let i = -3399 + 3394. Determine p(i).
4
Let l(x) = 7*x + 1. Let q be -5 + 8 + (-4)/2. Let h(u) = -24*u + 7. Let g(b) = q*h(b) + 4*l(b). Calculate g(-7).
-17
Suppose 0 = -2*n - 3*r - 6*r - 106, 3*n = -4*r - 159. Let l(j) = 8*j + 426. Calculate l(n).
2
Let c(y) be the second derivative of -y**5/20 - y**4/12 + y**3/6 - 7*y**2/2 + y. Suppose v - 96 - 92 = 0. Let m = v + -188. Calculate c(m).
-7
Let z(l) = -l**2 - 13*l - 9. Suppose -3016 = 17*v - 2761. Give z(v).
-39
Let u(d) be the third derivative of d**4/24 + 11*d**3/3 - 3291*d**2. Calculate u(-28).
-6
Let d be ((-12)/(-10))/((-3)/(-10)). Suppose q - 2*u + 49 = 0, -4*q = -5*q - d*u - 37. Let n = -48 - q. Let z(w) = w**3 + 3*w**2 + 4*w + 2. Determine z(n).
-10
Let n(t) = 25*t + 64*t - 28 - 112*t + 62*t - 90. Determine n(3).
-1
Let p(n) = -5*n - 147. Let h be p(-36). Let c(f) = 3*f**2 - 98*f - 31. Determine c(h).
2
Let h(x) = -2167*x - 2160*x - 2*x**3 + 11*x**2 - 2*x**2 + 4324*x. What is h(3)?
18
Suppose 0 = -4*l + 16, 47 - 66 = 3*z + 2*l. Let n(v) = -v**3 - 9*v**2 + 5*v + 20. Give n(z).
-25
Let h(n) be the first derivative of -1/3*n**3 + 12*n + 3/2*n**2 + 43. Determine h(5).
2
Suppose 4*m - 3*q = 7, 0 = -2*m + 267*q - 271*q - 2. Let v(i) = -49*i - 2. Calculate v(m).
-51
Suppose -2*u = -34*u - 2076 + 1820. Let l(f) = 4*f**3 + 2 - 1 + 8*f**2 - 3*f - 3*f**3. Give l(u).
25
Suppose 3*a - 53 = 4*v + 17, -3*a = -3*v - 72. Let c(t) = a*t**2 - 62*t**2 - 10*t - t**3 + 3 + 46*t**2. Calculate c(9).
-6
Let p be (-14)/(-2) - (14 + -12). Let b(y) = -14*y**3 - 18*y**3 - 21*y**3 + 54*y**3 + 3 - 6*y**2 + 4*y + 0. What is b(p)?
-2
Let i(s) = -5*s**2 + 1. Let y be (-27)/(-2)*(-8)/6. Let k(a) = a**3 + 18*a**2 + 4. Let m be k(y). Suppose -m*p - 21 = n, -17 = -5*n + 4*p - 2. Determine i(n).
-4
Let l(k) = -103*k - 406. Suppose -417*j + 435 - 2103 = 0. What is l(j)?
6
Let a = -6364 + 6371. Let g(p) = -p**3 + 6*p**2 + 8*p + 11. Give g(a).
18
Suppose 8*v - 42*v = -102. Let h(f) = -12*f + 2*f + 16*f + v*f - 1. Calculate h(1).
8
Let t(z) = 24*z**3 + 42*z**2 + 76*z - 38. Let i(o) = 11*o**3 + 20*o**2 + 35*o - 19. Let r(g) = -13*i(g) + 6*t(g). Calculate r(7).
-23
Let f(u) = u**2. Let m be (0 - 0 - (4 + -4))/1. Suppose t = 1 + 4. Let z be -2 - m - (t + -7). Calculate f(z).
0
Let g(k) = -4*k + 5. Let m be (-838 + -24)*((-10)/(-4) + -2). Let i = 425 + m. Calculate g(i).
29
Let y(n) = -3*n**2 + 131*n + 5 - 1164*n**3 + 1163*n**3 - 132*n. Determine y(-3).
8
Let j(u) = 5*u**2 - u - 11. Let t(q) be the first derivative of -2*q**3 + 12*q + 1. Let b(m) = -7*j(m) - 6*t(m). What is b(-5)?
-5
Let n = -430 + 105. Let i = -331 - n. Let d(k) = -k**3 - 5*k**2 + 3*k - 12. Give d(i).
6
Let x(o) = 7*o**3 - 1. Let l = 2 - -53. Let p = 53 - l. Let c = 1 + p. Give x(c).
-8
Let t(a) be the second derivative of a**5/20 + a**4/2 + 5*a**3/6 + 7*a**2 - 4116*a. Determine t(-7).
-70
Let a = -54 - 64. Let u = a + 119. Let m(n) be the third derivative of n**4/12 - n**3/6 + n**2. What is m(u)?
1
Let b(a) = -6 + 0 - a - 7 + a**3 + 16*a**2. Let s = 164125 - 164141. Give b(s).
3
Let z(k) be the first derivative of 2*k**2 + 0*k - 4*k**2 + k**2 + 2*k + 0*k**2 + 21. Give z(3).
-4
Let q(t) = -3*t - 1 + 6 - 3*t**2 + 0 - t**3 - 3*t**2. Let b = 7 + -6. Let u be (1 - b)/(-1 + 0) - 5. Give q(u).
-5
Let z(o) = 0 + 2*o**2 + 49*o - 51*o + 3. Suppose 897*d + 24 = 891*d. What is z(d)?
43
Let m(b) = -b**2 + 10*b - 14. Suppose -41*u + 290 = -12*u. Give m(u).
-14
Let q(i) = i**3 - 9*i**2 + 9*i - 2. Suppose 1 = 9*d - 8. Let b(m) = -m + 1. Let f(s) = -4*s + 18. Let v(x) = d*f(x) - 3*b(x). Let y be v(7). What is q(y)?
6
Suppose 2*l = -0*l + 3*n - 6, 3*l - 10 = -5*n. Let s(m) = 0*m**2 - m**2 + 4 + 1 + l*m**2. Suppose 5*f + 21 - 31 = -5*r, -f = -2*r - 8. Determine s(f).
-11
Suppose 2*f - 138 = -4*b, -3*f + 4 = -2*b + 61. Let q(o) = 2*o - 24. Determine q(b).
42
Let q(n) be the third derivative of -n - 1/60*n**5 + 1/3*n**3 + 0 - 1/120*n**6 + 1/12*n**4 + 57*n**2. What is q(-2)?
2
Let j(a) = -11*a**2 - 9*a + 13. Let w(d) = 5*d**2 + 5*d - 6. Let h(f) = -6*j(f) - 13*w(f). Suppose 0 = 133*u + 94 - 866 - 824. Calculate h(u).
12
Suppose m - 4*b + 24 = 9*m, -2*b = -m - 2. Let v(h) = -15*h**3 + 2*h**2 - h + 4. Determine v(m).
-110
Let f(y) be the first derivative of -y**4/4 + 13*y**3/3 - 35*y**2/2 - 9*y - 1262. Calculate f(9).
0
Let r(o) = -3*o**2 - 12*o. Let j(a) = 4*a**2 + 11*a + 2. Let p(h) = 5*j(h) + 6*r(h). Give p(9).
19
Let y(f) = 4 - 2*f + 32*f - 45*f**2 + 42*f**2. Let q be y(10). Let v(o) = -3*o + 2*o + 6 - 2*o. Calculate v(q).
-6
Let v(i) = 3*i**3 - i**2 - 2*i - 1. Suppose 4*q = -2*q. Let d(m) = -m**3 - m**2 + m + 6. Let g be d(q). Suppose 0*l = -g*l - 6. What is v(l)?
-3
Let k(x) = -5*x - 11. Let c(w) = 6*w + 11. Let g(d) = 4*c(d) + 5*k(d). Let j(f) = -118*f - 361. Let r be j(-3). What is g(r)?
-4
Let v(b) = -b**2 - 21*b - 35. Suppose 7*a - 10*a + 4*w = 46, 4*a + 76 = -2*w. Give v(a).
19
Let d(i) be the third derivative of -13*i**5/30 + i**4/24 + 479*i**2. Calculate d(1).
-25
Suppose -399*t + 403*t + 5*k - 122 = 0, -5*t = -k - 196. Let a(l) = 3*l - 127. Give a(t).
-13
Let q = -5044 - -5045. Let o(l) = -12*l**2 - 3*l + 2. Determine o(q).
-13
Suppose 5*a + 2*f - 60 = 0, 9*a - 5*f + 60 = 14*a. Let o(p) = -p + 20 - a + 0 + 2*p. Give o(-4).
4
Let l(v) = v**3 - 7*v**2 - 5*v. Let r = -8807 + 8815. What is l(r)?
24
Let j(a) = -2*a + 8. Let v(m) = -m**3 + 18*m**2 - 5*m + 75. Let t be v(9). Let r = t + -757. Determine j(r).
4
Let c(o) = -o + 29. Let g(k) = 7*k**2 + 112*k + 214. Let x be g(-2). What is c(x)?
11
Let q = -13 + 18. Suppose i + 3*b - 32 = 0, -3*b - q = -i + 33. Let v(u) = i - 67 - u + 37. Determine v(4).
1
Let j(z) = -216*z + 60. Let g(u) = 99*u - 32. Let h(o) = 13*g(o) + 6*j(o). Give h(-6).
-2
Let n = -1670 + 1680. Let t(s) = -s**2 + 4*s + 21. Determine t(n).
-39
Let p(d) = 2*d**2 + 5*d - 10. Let g be p(4). Let s = 61 - g. Suppose -4*l - s = -31. Let y(r) = -r**3 + 4*r**2. What is y(l)?
9
Suppose h - 3*p + 6 = -p, h = -4*p + 6. Let a(k) = k**3 + k**2. Let r = 89 - 84. Let m(d) = 3*d**3 + 3*d**2 - d - 1. Let w(q) = r*a(q) - 2*m(q). Give w(h).
2
Suppose -14 = -4*y + 6. Suppose -y*f = -5*b - 25, -5*b = -3*f + 2 + 13. Let z(w) = 77*w - 20. Let n(s) = 19*s - 2. Let c(i) = -4*n(i) + z(i). Calculate c(f).
-7
Let a be (229 - 1)/(-19) + 1 + 3 + -8. Let v(l) = -l**2 - 23*l - 59. What is v(a)?
53
Let w(v) = v**3 + 8*v**2 + 4*v - 25. Let c(b) = -b**3 - 5*b**2 - 3*b - 8. Let j be c(0). Determine w(j).
-57
Let t(f) = -f**3 + 12*f**2 - 10*f - 9. Suppose -494 - 91 = 5*c - 4*h, -3*h = -5*c - 585. Let y = 121 + c. Suppose -15*b - y*b + 209 = 0. Determine t(b).
2
Let u(n) = 6*n**3 - 24*n**2 + 69*n + 22. Let d(w) = -5*w**3 + 23*w**2 - 55*w - 19. Let g(o) = -7*d(o) - 6*u(o). Determine g(-15).
-14
Let u(h) = 15*h - 199. Let x(c) = c**3 + 31*c**2 + 106*c + 5. Let l be x(-4). Calculate u(l).
-4
Let r(y) = 2*y**2 + 43*y - 2. Let s(w) = 3*w**2 + 59*w - 3. Let a(i) = -11*r(i) + 8*s(i). Suppose 5*f - p = -2*p + 9, p + 3 = f. Determine a(f).
4
Let m(h) = h**2 + 55*h - 23*h + 1 - 21*h - 12*h. Suppose 0 = 4*l - 4*k - k + 11, 0 = k + 1. Calculate m(l).
21
Let d(l) be the second derivative of 11*l**6/120 + l**5/60 + 18*l**2 + 13*l + 1. Let p(k) be the first derivative of d(k). What is p(-1)?
-10
Let h(c) be the third derivative of -1/24*c**4 + 37*c**2 + 0*c + 3/2*c**3 + 0. Calculate h(3).
6
Let b(p) be the third derivative of p**6/120 - 13*p**5/60 + 17*p**4/24 + 8*p**3 + 4260*p**2 - 2*p. Calculate b(11).
-7
Let h be (8/(-10))/(2/10). Suppose 0*p + 3*p - 5*z - 209 = 0, 5*p - 3*z - 327 = 0. Let f(y) = -1 + 32*y + 32*y - p*y. Calculate f(h).
-5
Let a(x) = -x**3 - x**2 + 15*x - 4. Suppose 188 + 258 = -24*o + 326. Determine a(o).
21
Let m(h) be the third derivative of -3/2*h**3 - 18*h**2 + 0 + 2*h + 1/12*h**4. Give m(6).
3
Let l(a) = -4 + 43*a + 54 - 57*a + 24 + 47. Give l(9).
-5
Let l(p) = 6*p - 168. Let t be -7 - -2 - (-6)/(132/682). Calculate